{"id":871,"date":"2015-05-14T19:28:01","date_gmt":"2015-05-14T17:28:01","guid":{"rendered":"http:\/\/ms-beatrice.de\/?page_id=871"},"modified":"2015-05-31T22:51:23","modified_gmt":"2015-05-31T20:51:23","slug":"7-sardinien","status":"publish","type":"page","link":"http:\/\/ms-beatrice.de\/?page_id=871","title":{"rendered":"7 Sardinien"},"content":{"rendered":"<p>14. Mai 2015<\/p>\n<p>So, jetzt sind wir \u00a0in Sardinien, oder hei\u00dft es auf Sardinien, weil &#8230; auf der Insel Sardinien?<\/p>\n<p>Die \u00dcberfahrt von Menorca aus hat volle 2 Tage gedauert.Wir wussten ja schon vorher, dass wir keine guten Segelbedingungen haben w\u00fcrden, denn der Wind stand genau gegenan. Kreuzen w\u00e4re ja sowieso sinnlos gewesen. Der Wind war allerdings nicht sehr stark. Also war auf der gesamten Strecke der Diesel gefordert, zus\u00e4tzlich stand das Gro\u00dfsegel . \u00a0Ohne Segel w\u00e4re die \u00dcberfahrt nicht ertr\u00e4glich gewesen, \u00a0denn eine hohe alte D\u00fcnung wollte die \u00a0Beatrice in feste Bewegung nach back- und Steuerbord setzen. 200 Liter Diesel sind dabei draufgegangen.<\/p>\n<p><a href=\"http:\/\/ms-beatrice.de\/wp-content\/uploads\/2015\/05\/20150513_140942.jpg\"><img loading=\"lazy\" class=\"alignnone size-large wp-image-965\" alt=\"20150513_140942\" src=\"http:\/\/ms-beatrice.de\/wp-content\/uploads\/2015\/05\/20150513_140942-1280x720.jpg\" width=\"604\" height=\"339\" srcset=\"http:\/\/ms-beatrice.de\/wp-content\/uploads\/2015\/05\/20150513_140942-1280x720.jpg 1280w, http:\/\/ms-beatrice.de\/wp-content\/uploads\/2015\/05\/20150513_140942-300x168.jpg 300w, http:\/\/ms-beatrice.de\/wp-content\/uploads\/2015\/05\/20150513_140942.jpg 2048w\" sizes=\"(max-width: 604px) 100vw, 604px\" \/><\/a><\/p>\n<p>Warum wir bei diesen Bedingungen \u00fcberhaupt diese lange \u00dcberfahrt gemacht haben? Weil f\u00fcr das Wochenende ein extrem starker Mistral vorhergesagt ist, mit Wellenh\u00f6hen von 10 Metern, genau \u00fcber dem Seegebiet zwischen den Balearen und Sardinien. F\u00fcr uns h\u00e4tte das gehei\u00dfen: 3 Tage bis zum Beginn des Sturms, 9 Tage Mistral und 3 Tage Abklingen der Riesenwellen. 15 Tage noch in Addaya. So sch\u00f6n es dort auch ist, das w\u00e4re langweilig geworden. Also: vor dem Sturm die \u00dcberfahrt wagen.<\/p>\n<p><a href=\"http:\/\/ms-beatrice.de\/wp-content\/uploads\/2015\/05\/nachtaufsee.jpeg\"><img loading=\"lazy\" class=\"alignnone size-full wp-image-969\" alt=\"nachtaufsee\" src=\"http:\/\/ms-beatrice.de\/wp-content\/uploads\/2015\/05\/nachtaufsee.jpeg\" width=\"1024\" height=\"576\" srcset=\"http:\/\/ms-beatrice.de\/wp-content\/uploads\/2015\/05\/nachtaufsee.jpeg 1024w, http:\/\/ms-beatrice.de\/wp-content\/uploads\/2015\/05\/nachtaufsee-300x168.jpeg 300w\" sizes=\"(max-width: 1024px) 100vw, 1024px\" \/><\/a><\/p>\n<p>Ines und Michael von der Maxi konnten noch nicht mit r\u00fcber, denn sie warten auf die Lieferung eines Ersatzreglers f\u00fcr ihre Solaranlage.<\/p>\n<p><a href=\"http:\/\/ms-beatrice.de\/wp-content\/uploads\/2015\/05\/Sonnenaufgang.jpeg\"><img loading=\"lazy\" class=\"alignnone size-full wp-image-968\" alt=\"Sonnenaufgang\" src=\"http:\/\/ms-beatrice.de\/wp-content\/uploads\/2015\/05\/Sonnenaufgang.jpeg\" width=\"800\" height=\"450\" srcset=\"http:\/\/ms-beatrice.de\/wp-content\/uploads\/2015\/05\/Sonnenaufgang.jpeg 800w, http:\/\/ms-beatrice.de\/wp-content\/uploads\/2015\/05\/Sonnenaufgang-300x168.jpeg 300w\" sizes=\"(max-width: 800px) 100vw, 800px\" \/><\/a><\/p>\n<p>In Sardinien kamen wir an, als gerade die Sonne untergegangen war, kein Mond (der geht erst um 4:00 Uhr auf), stockdunkel. Nach Carloforte \u00a0einfahren oder die Nacht vor der K\u00fcste Sardiniens treibend abwarten? Entscheidung: in den Hafen. Wozu hat man GPS, elektronische Seekarten, Radar, Nachtglas und&#8230; auch einiges an Erfahrung!<\/p>\n<p>Es war ein Abenteuer, blind an Unterwasserfelsen, Untiefen, unbeleuchteten Tonnen und kleinen Inseln vorbei eine schlecht beleuchtete Hafeneinfahrt mit vielen Stadtlichtern im Hintergrund zu finden, einzulaufen und blind festzumachen, ohne irgendwelche Schiffe oder Stege zu rammen. Es hat geklappt&#8230; festgemacht und totm\u00fcde in die Koje gefallen.<\/p>\n<p><a href=\"http:\/\/ms-beatrice.de\/wp-content\/uploads\/2015\/05\/carloforte-1.jpeg\"><img loading=\"lazy\" class=\"alignnone size-large wp-image-967\" alt=\"carloforte (1)\" src=\"http:\/\/ms-beatrice.de\/wp-content\/uploads\/2015\/05\/carloforte-1-1280x383.jpeg\" width=\"604\" height=\"180\" srcset=\"http:\/\/ms-beatrice.de\/wp-content\/uploads\/2015\/05\/carloforte-1-1280x383.jpeg 1280w, http:\/\/ms-beatrice.de\/wp-content\/uploads\/2015\/05\/carloforte-1-300x89.jpeg 300w, http:\/\/ms-beatrice.de\/wp-content\/uploads\/2015\/05\/carloforte-1.jpeg 1848w\" sizes=\"(max-width: 604px) 100vw, 604px\" \/><\/a><\/p>\n<p>Heute morgen konnten wir dann sehen, wo wir gelandet sind. Nachdem uns der Marinero den endg\u00fcltigen Liegeplatz zugewiesen hat, der erste Rundrang durch Carloforte. Alles anders als in Spanien, die Sprache sowieso, die Menschen gestikulieren anders, alles etwas weniger aufger\u00e4umt, sogar etwas fremder als in Spanien. Beim Einkauf stellten wir andere Preisgef\u00fcge fest: Alkoholische Getr\u00e4nke viel teurer, Bier 4 mal so teuer wie in Spanien, aber sonst viele von zu Hause bekannte Lebensmittel und sogar Konserven, die in Spanien kaum zu finden sind. Dann ist hier noch totale Vorsaison, es gibt keine Touristen hier. Die Hafengeb\u00fchren sind jedoch beinahe auf Balearen-Niveau, so leer die Stege im Hafen auch sind.<\/p>\n<p>15. Mai 2015<\/p>\n<p>So, jetzt bl\u00e4st er, der Mistral&#8230; und wie! Genau wie vorhergesagt begann er am fr\u00fchen Freitagmorgen und hat jetzt schon hier im Hafen 8 Beaufort St\u00e4rke erreicht. Bin ich froh, dass ich nicht drau\u00dfen bin.<\/p>\n<p>16. Mai 2015<\/p>\n<p>Der Mistral beschert uns einen ruhigen (Regenwetter-)Hafentag. Es tut vielleicht gut, mal nicht viel zu unternehmen.<\/p>\n<p>18. Mai 2015<\/p>\n<p>Weil die Wellen immer noch sehr hoch sind, haben wir heute die Insel San Pietro mit dem Roller erkundet.<\/p>\n<p><a href=\"http:\/\/ms-beatrice.de\/wp-content\/uploads\/2015\/05\/StPedroStrand2.jpeg\"><img loading=\"lazy\" class=\"alignnone size-large wp-image-972\" alt=\"StPedroStrand2\" src=\"http:\/\/ms-beatrice.de\/wp-content\/uploads\/2015\/05\/StPedroStrand2-1280x720.jpeg\" width=\"604\" height=\"339\" srcset=\"http:\/\/ms-beatrice.de\/wp-content\/uploads\/2015\/05\/StPedroStrand2-1280x720.jpeg 1280w, http:\/\/ms-beatrice.de\/wp-content\/uploads\/2015\/05\/StPedroStrand2-300x168.jpeg 300w, http:\/\/ms-beatrice.de\/wp-content\/uploads\/2015\/05\/StPedroStrand2.jpeg 2048w\" sizes=\"(max-width: 604px) 100vw, 604px\" \/><\/a><\/p>\n<p>Es ist eine sehr sch\u00f6ne Insel mit einsamen Str\u00e4nden,<\/p>\n<p><a href=\"http:\/\/ms-beatrice.de\/wp-content\/uploads\/2015\/05\/StPetroStrand-.jpeg\"><img loading=\"lazy\" class=\"alignnone size-large wp-image-973\" alt=\"StPetroStrand\" src=\"http:\/\/ms-beatrice.de\/wp-content\/uploads\/2015\/05\/StPetroStrand--1280x819.jpeg\" width=\"604\" height=\"386\" srcset=\"http:\/\/ms-beatrice.de\/wp-content\/uploads\/2015\/05\/StPetroStrand--1280x819.jpeg 1280w, http:\/\/ms-beatrice.de\/wp-content\/uploads\/2015\/05\/StPetroStrand--300x192.jpeg 300w, http:\/\/ms-beatrice.de\/wp-content\/uploads\/2015\/05\/StPetroStrand-.jpeg 1505w\" sizes=\"(max-width: 604px) 100vw, 604px\" \/><\/a><\/p>\n<p>steilen K\u00fcsten,<\/p>\n<p><a href=\"http:\/\/ms-beatrice.de\/wp-content\/uploads\/2015\/05\/20150518_133102.jpg\"><img loading=\"lazy\" class=\"alignnone size-large wp-image-975\" alt=\"20150518_133102\" src=\"http:\/\/ms-beatrice.de\/wp-content\/uploads\/2015\/05\/20150518_133102-1280x720.jpg\" width=\"604\" height=\"339\" srcset=\"http:\/\/ms-beatrice.de\/wp-content\/uploads\/2015\/05\/20150518_133102-1280x720.jpg 1280w, http:\/\/ms-beatrice.de\/wp-content\/uploads\/2015\/05\/20150518_133102-300x168.jpg 300w, http:\/\/ms-beatrice.de\/wp-content\/uploads\/2015\/05\/20150518_133102.jpg 2048w\" sizes=\"(max-width: 604px) 100vw, 604px\" \/><\/a><\/p>\n<p><a href=\"http:\/\/ms-beatrice.de\/wp-content\/uploads\/2015\/05\/20150518_135605.jpg\"><img loading=\"lazy\" class=\"alignnone size-large wp-image-976\" alt=\"20150518_135605\" src=\"http:\/\/ms-beatrice.de\/wp-content\/uploads\/2015\/05\/20150518_135605-1280x720.jpg\" width=\"604\" height=\"339\" srcset=\"http:\/\/ms-beatrice.de\/wp-content\/uploads\/2015\/05\/20150518_135605-1280x720.jpg 1280w, http:\/\/ms-beatrice.de\/wp-content\/uploads\/2015\/05\/20150518_135605-300x168.jpg 300w, http:\/\/ms-beatrice.de\/wp-content\/uploads\/2015\/05\/20150518_135605.jpg 2048w\" sizes=\"(max-width: 604px) 100vw, 604px\" \/><\/a><\/p>\n<p><a href=\"http:\/\/ms-beatrice.de\/wp-content\/uploads\/2015\/05\/20150518_133329.jpg\"><img loading=\"lazy\" class=\"alignnone size-large wp-image-977\" alt=\"20150518_133329\" src=\"http:\/\/ms-beatrice.de\/wp-content\/uploads\/2015\/05\/20150518_133329-1280x720.jpg\" width=\"604\" height=\"339\" srcset=\"http:\/\/ms-beatrice.de\/wp-content\/uploads\/2015\/05\/20150518_133329-1280x720.jpg 1280w, http:\/\/ms-beatrice.de\/wp-content\/uploads\/2015\/05\/20150518_133329-300x168.jpg 300w, http:\/\/ms-beatrice.de\/wp-content\/uploads\/2015\/05\/20150518_133329.jpg 2048w\" sizes=\"(max-width: 604px) 100vw, 604px\" \/><\/a><\/p>\n<p>Leuchtt\u00fcrmen<\/p>\n<p><a href=\"http:\/\/ms-beatrice.de\/wp-content\/uploads\/2015\/05\/Leuchtturm.jpeg\"><img loading=\"lazy\" class=\"alignnone size-large wp-image-974\" alt=\"Leuchtturm\" src=\"http:\/\/ms-beatrice.de\/wp-content\/uploads\/2015\/05\/Leuchtturm-1280x720.jpeg\" width=\"604\" height=\"339\" srcset=\"http:\/\/ms-beatrice.de\/wp-content\/uploads\/2015\/05\/Leuchtturm-1280x720.jpeg 1280w, http:\/\/ms-beatrice.de\/wp-content\/uploads\/2015\/05\/Leuchtturm-300x168.jpeg 300w, http:\/\/ms-beatrice.de\/wp-content\/uploads\/2015\/05\/Leuchtturm.jpeg 2048w\" sizes=\"(max-width: 604px) 100vw, 604px\" \/><\/a><\/p>\n<p>und interessanten Landschaften.<\/p>\n<p><a href=\"http:\/\/ms-beatrice.de\/wp-content\/uploads\/2015\/05\/20150518_131033.jpg\"><img loading=\"lazy\" class=\"alignnone size-large wp-image-979\" alt=\"20150518_131033\" src=\"http:\/\/ms-beatrice.de\/wp-content\/uploads\/2015\/05\/20150518_131033-1280x720.jpg\" width=\"604\" height=\"339\" srcset=\"http:\/\/ms-beatrice.de\/wp-content\/uploads\/2015\/05\/20150518_131033-1280x720.jpg 1280w, http:\/\/ms-beatrice.de\/wp-content\/uploads\/2015\/05\/20150518_131033-300x168.jpg 300w, http:\/\/ms-beatrice.de\/wp-content\/uploads\/2015\/05\/20150518_131033.jpg 2048w\" sizes=\"(max-width: 604px) 100vw, 604px\" \/><\/a><\/p>\n<p>aber auch die Stadt Carloforte zeigt interessante Perspektiven.<\/p>\n<p><a href=\"http:\/\/ms-beatrice.de\/wp-content\/uploads\/2015\/05\/20150515_120530.jpg\"><img loading=\"lazy\" class=\"alignnone size-large wp-image-980\" alt=\"20150515_120530\" src=\"http:\/\/ms-beatrice.de\/wp-content\/uploads\/2015\/05\/20150515_120530-1280x720.jpg\" width=\"604\" height=\"339\" srcset=\"http:\/\/ms-beatrice.de\/wp-content\/uploads\/2015\/05\/20150515_120530-1280x720.jpg 1280w, http:\/\/ms-beatrice.de\/wp-content\/uploads\/2015\/05\/20150515_120530-300x168.jpg 300w, http:\/\/ms-beatrice.de\/wp-content\/uploads\/2015\/05\/20150515_120530.jpg 2048w\" sizes=\"(max-width: 604px) 100vw, 604px\" \/><\/a><\/p>\n<p>20. Mai 2015<\/p>\n<p>Jetzt liegen wir in Porto Teulata. Das ist an der s\u00fcdlichsten Spitze von Sardinien. Vielleicht w\u00e4ren wir ein paar Buchten weiter gefahren, \u00a0wenn uns nicht das italienische Milit\u00e4r unmissverst\u00e4ndlich \u00fcber Funk aufgefordert h\u00e4tte, um ihr Schie\u00dfgebiet am Punta di Cala Piomba einen gro\u00dfen Bogen zu fahren.<\/p>\n<p><a href=\"http:\/\/ms-beatrice.de\/wp-content\/uploads\/2015\/05\/20150520_115955.jpg\"><img loading=\"lazy\" class=\"alignnone size-large wp-image-985\" alt=\"20150520_115955\" src=\"http:\/\/ms-beatrice.de\/wp-content\/uploads\/2015\/05\/20150520_115955-1280x720.jpg\" width=\"604\" height=\"339\" srcset=\"http:\/\/ms-beatrice.de\/wp-content\/uploads\/2015\/05\/20150520_115955-1280x720.jpg 1280w, http:\/\/ms-beatrice.de\/wp-content\/uploads\/2015\/05\/20150520_115955-300x168.jpg 300w, http:\/\/ms-beatrice.de\/wp-content\/uploads\/2015\/05\/20150520_115955.jpg 2048w\" sizes=\"(max-width: 604px) 100vw, 604px\" \/><\/a>Hier ist es total ruhig, hier gibt \u00a0es kein Gesch\u00e4ft oder Restaurant &#8211; und hier werden wir wohl noch ein paar Tage bleiben, denn der Mistral pfeift mal wieder mit voller Wucht.<\/p>\n<p>22. Mai 2015<\/p>\n<p>Wir liegen immer noch in Teulada. Der \u00a0Mistral l\u00e4sst nicht nach. Gestern haben wir mit dem Fahrrad die Gegend erkundet.<\/p>\n<p><a href=\"http:\/\/ms-beatrice.de\/wp-content\/uploads\/2015\/05\/Teulada4.jpeg\"><img loading=\"lazy\" class=\"alignnone size-large wp-image-987\" alt=\"Teulada4\" src=\"http:\/\/ms-beatrice.de\/wp-content\/uploads\/2015\/05\/Teulada4-1280x720.jpeg\" width=\"604\" height=\"339\" srcset=\"http:\/\/ms-beatrice.de\/wp-content\/uploads\/2015\/05\/Teulada4-1280x720.jpeg 1280w, http:\/\/ms-beatrice.de\/wp-content\/uploads\/2015\/05\/Teulada4-300x168.jpeg 300w, http:\/\/ms-beatrice.de\/wp-content\/uploads\/2015\/05\/Teulada4.jpeg 2048w\" sizes=\"(max-width: 604px) 100vw, 604px\" \/><\/a><\/p>\n<p>Hier gibt es viele Feigenb\u00e4ume.<\/p>\n<p><a href=\"http:\/\/ms-beatrice.de\/wp-content\/uploads\/2015\/05\/20150521_173651.jpg\"><img loading=\"lazy\" class=\"alignnone size-large wp-image-988\" alt=\"20150521_173651\" src=\"http:\/\/ms-beatrice.de\/wp-content\/uploads\/2015\/05\/20150521_173651-1280x720.jpg\" width=\"604\" height=\"339\" srcset=\"http:\/\/ms-beatrice.de\/wp-content\/uploads\/2015\/05\/20150521_173651-1280x720.jpg 1280w, http:\/\/ms-beatrice.de\/wp-content\/uploads\/2015\/05\/20150521_173651-300x168.jpg 300w, http:\/\/ms-beatrice.de\/wp-content\/uploads\/2015\/05\/20150521_173651.jpg 2048w\" sizes=\"(max-width: 604px) 100vw, 604px\" \/><\/a><\/p>\n<p><a href=\"http:\/\/ms-beatrice.de\/wp-content\/uploads\/2015\/05\/Teulada5.jpeg\"><img loading=\"lazy\" class=\"alignnone size-large wp-image-989\" alt=\"Teulada5\" src=\"http:\/\/ms-beatrice.de\/wp-content\/uploads\/2015\/05\/Teulada5-1280x374.jpeg\" width=\"604\" height=\"176\" srcset=\"http:\/\/ms-beatrice.de\/wp-content\/uploads\/2015\/05\/Teulada5-1280x374.jpeg 1280w, http:\/\/ms-beatrice.de\/wp-content\/uploads\/2015\/05\/Teulada5-300x87.jpeg 300w, http:\/\/ms-beatrice.de\/wp-content\/uploads\/2015\/05\/Teulada5.jpeg 2046w\" sizes=\"(max-width: 604px) 100vw, 604px\" \/><\/a><\/p>\n<p><a href=\"http:\/\/ms-beatrice.de\/wp-content\/uploads\/2015\/05\/20150522_161729-1.jpg\"><img loading=\"lazy\" class=\"alignnone size-large wp-image-992\" alt=\"20150522_161729 (1)\" src=\"http:\/\/ms-beatrice.de\/wp-content\/uploads\/2015\/05\/20150522_161729-1-1280x720.jpg\" width=\"604\" height=\"339\" srcset=\"http:\/\/ms-beatrice.de\/wp-content\/uploads\/2015\/05\/20150522_161729-1-1280x720.jpg 1280w, http:\/\/ms-beatrice.de\/wp-content\/uploads\/2015\/05\/20150522_161729-1-300x168.jpg 300w, http:\/\/ms-beatrice.de\/wp-content\/uploads\/2015\/05\/20150522_161729-1.jpg 2048w\" sizes=\"(max-width: 604px) 100vw, 604px\" \/><\/a><\/p>\n<p>Es war auch noch genug Zeit, ein paar Holzarbeiten zu machen, Lackieren und spachteln.<\/p>\n<p>24. Mai 2015<\/p>\n<p>Der Mistral ist endlich zur\u00fcckgegangen. Wir sind auch sofort gestartet und bis Cagliari gesegelt. Dort liegen wir jetzt in der Marina del Sole, alles andere als luxuri\u00f6s, aber finanziell tragbar.<\/p>\n<p><a href=\"http:\/\/ms-beatrice.de\/wp-content\/uploads\/2015\/05\/20150525_172757.jpg\"><img loading=\"lazy\" class=\"alignnone size-large wp-image-994\" alt=\"20150525_172757\" src=\"http:\/\/ms-beatrice.de\/wp-content\/uploads\/2015\/05\/20150525_172757-1280x720.jpg\" width=\"604\" height=\"339\" srcset=\"http:\/\/ms-beatrice.de\/wp-content\/uploads\/2015\/05\/20150525_172757-1280x720.jpg 1280w, http:\/\/ms-beatrice.de\/wp-content\/uploads\/2015\/05\/20150525_172757-300x168.jpg 300w, http:\/\/ms-beatrice.de\/wp-content\/uploads\/2015\/05\/20150525_172757.jpg 2048w\" sizes=\"(max-width: 604px) 100vw, 604px\" \/><\/a><\/p>\n<p>Endlich wieder frische Lebensmittel einkaufen, \u00a0Brot, Salat, K\u00e4se und \u00a0Kaffee, der war auch zu Ende gegangen.<\/p>\n<p>28. Mai 2015<\/p>\n<p>Vorgestern ist auch die Maxi in Cagliari eingelaufen. Sie musste in den letzten Stunden noch gegen die letzten Mistral-Ausl\u00e4ufer ank\u00e4mpfen. Gestern haben wir das Wiedersehen bei uns an Bord bei Wein und Sambuca gefeiert. Dabei waren auch Fritz und Margret, Schweizer mit ihrer Fisher 25, die neben uns angelegt hatten und erz\u00e4hlten, sie seien die ganze Strecke von Menorca \u00a0nach \u00a0Sardinien \u00a0in Sichtweite \u00a0einer &#8222;Maxi&#8220; gefahren!<\/p>\n<p><a href=\"http:\/\/ms-beatrice.de\/wp-content\/uploads\/2015\/05\/20150526_133010.jpg\"><img loading=\"lazy\" class=\"alignnone size-large wp-image-1012\" alt=\"20150526_133010\" src=\"http:\/\/ms-beatrice.de\/wp-content\/uploads\/2015\/05\/20150526_133010-1280x720.jpg\" width=\"604\" height=\"339\" srcset=\"http:\/\/ms-beatrice.de\/wp-content\/uploads\/2015\/05\/20150526_133010-1280x720.jpg 1280w, http:\/\/ms-beatrice.de\/wp-content\/uploads\/2015\/05\/20150526_133010-300x168.jpg 300w, http:\/\/ms-beatrice.de\/wp-content\/uploads\/2015\/05\/20150526_133010.jpg 2048w\" sizes=\"(max-width: 604px) 100vw, 604px\" \/><\/a><\/p>\n<p>WElche Baum hat diese Bl\u00fcten?<a href=\"http:\/\/ms-beatrice.de\/wp-content\/uploads\/2015\/05\/20150527_143433.jpg\"><img loading=\"lazy\" class=\"alignnone size-large wp-image-1026\" alt=\"20150527_143433\" src=\"http:\/\/ms-beatrice.de\/wp-content\/uploads\/2015\/05\/20150527_143433-1280x720.jpg\" width=\"604\" height=\"339\" srcset=\"http:\/\/ms-beatrice.de\/wp-content\/uploads\/2015\/05\/20150527_143433-1280x720.jpg 1280w, http:\/\/ms-beatrice.de\/wp-content\/uploads\/2015\/05\/20150527_143433-300x168.jpg 300w, http:\/\/ms-beatrice.de\/wp-content\/uploads\/2015\/05\/20150527_143433.jpg 2048w\" sizes=\"(max-width: 604px) 100vw, 604px\" \/><\/a><\/p>\n<p>Insgesamt hat uns Cagliari entt\u00e4uscht. Sch\u00f6n ist die Stadt nicht.<\/p>\n<p><a href=\"http:\/\/ms-beatrice.de\/wp-content\/uploads\/2015\/05\/cagliari.jpeg\"><img loading=\"lazy\" class=\"alignnone size-large wp-image-1014\" alt=\"cagliari\" src=\"http:\/\/ms-beatrice.de\/wp-content\/uploads\/2015\/05\/cagliari-1106x1024.jpeg\" width=\"604\" height=\"559\" srcset=\"http:\/\/ms-beatrice.de\/wp-content\/uploads\/2015\/05\/cagliari-1106x1024.jpeg 1106w, http:\/\/ms-beatrice.de\/wp-content\/uploads\/2015\/05\/cagliari-300x277.jpeg 300w, http:\/\/ms-beatrice.de\/wp-content\/uploads\/2015\/05\/cagliari.jpeg 1150w\" sizes=\"(max-width: 604px) 100vw, 604px\" \/><\/a><\/p>\n<p>Heute ging es dann weiter nach Villasimius an der \u00e4u\u00dfersten S\u00fcdostecke Sardiniens. Der Hafen ist sehr teuer f\u00fcr die Vorsaison, das n\u00e4chste Mal w\u00fcrde ich vor dem Hafen oder in der Nachbarbucht ankern. Aber Dusche und Toiletten sind gut.<\/p>\n<p>Die Str\u00e4nde und Buchten rundherum sind ein Traum!<\/p>\n<p><a href=\"http:\/\/ms-beatrice.de\/wp-content\/uploads\/2015\/05\/Ankerbucht.jpeg\"><img loading=\"lazy\" class=\"alignnone size-full wp-image-1001\" alt=\"Ankerbucht\" src=\"http:\/\/ms-beatrice.de\/wp-content\/uploads\/2015\/05\/Ankerbucht.jpeg\" width=\"1024\" height=\"682\" srcset=\"http:\/\/ms-beatrice.de\/wp-content\/uploads\/2015\/05\/Ankerbucht.jpeg 1024w, http:\/\/ms-beatrice.de\/wp-content\/uploads\/2015\/05\/Ankerbucht-300x199.jpeg 300w\" sizes=\"(max-width: 1024px) 100vw, 1024px\" \/><\/a><\/p>\n<p>Das ist der letzte Tag auf Sardinien, morgen geht es weiter nach Sizilien . Das sind wieder 2 Tage Nonstop-Segeln.<\/p>\n","protected":false},"excerpt":{"rendered":"<p>14. Mai 2015 So, jetzt sind wir \u00a0in Sardinien, oder hei\u00dft es auf Sardinien, weil &#8230; auf der Insel Sardinien? Die \u00dcberfahrt von Menorca aus hat volle 2 Tage gedauert.Wir wussten ja schon vorher, dass wir keine guten Segelbedingungen haben w\u00fcrden, denn der Wind stand genau gegenan. Kreuzen w\u00e4re ja sowieso sinnlos gewesen. Der Wind &hellip; <a href=\"http:\/\/ms-beatrice.de\/?page_id=871\" class=\"more-link\"><span class=\"screen-reader-text\">7 Sardinien<\/span> weiterlesen <span class=\"meta-nav\">&rarr;<\/span><\/a><\/p>\n","protected":false},"author":1,"featured_media":0,"parent":0,"menu_order":0,"comment_status":"open","ping_status":"closed","template":"","meta":[],"_links":{"self":[{"href":"http:\/\/ms-beatrice.de\/index.php?rest_route=\/wp\/v2\/pages\/871"}],"collection":[{"href":"http:\/\/ms-beatrice.de\/index.php?rest_route=\/wp\/v2\/pages"}],"about":[{"href":"http:\/\/ms-beatrice.de\/index.php?rest_route=\/wp\/v2\/types\/page"}],"author":[{"embeddable":true,"href":"http:\/\/ms-beatrice.de\/index.php?rest_route=\/wp\/v2\/users\/1"}],"replies":[{"embeddable":true,"href":"http:\/\/ms-beatrice.de\/index.php?rest_route=%2Fwp%2Fv2%2Fcomments&post=871"}],"version-history":[{"count":40,"href":"http:\/\/ms-beatrice.de\/index.php?rest_route=\/wp\/v2\/pages\/871\/revisions"}],"predecessor-version":[{"id":1027,"href":"http:\/\/ms-beatrice.de\/index.php?rest_route=\/wp\/v2\/pages\/871\/revisions\/1027"}],"wp:attachment":[{"href":"http:\/\/ms-beatrice.de\/index.php?rest_route=%2Fwp%2Fv2%2Fmedia&parent=871"}],"curies":[{"name":"wp","href":"https:\/\/api.w.org\/{rel}","templated":true}]}}